 Calculate the greatest common factor of r and q.
9
Let x = 289 - 189. What is the greatest common divisor of x and 140?
20
Let c be (-2)/4*17*-2. Let i be 16 - -1 - 0/(3 - -9). Calculate the highest common divisor of i and c.
17
Let l be 3 - (2 + -1 + (0 - -2)). Suppose v + 0*v - 18 = l. What is the highest common divisor of 6 and v?
6
Let k be (335/20)/(2/8). Let z = k - 23. Suppose 0 = j - h - 7, 2*j + 0*j = -4*h + z. Calculate the greatest common divisor of 48 and j.
12
Suppose -4*s = -138 - 50. Calculate the greatest common factor of 799 and s.
47
Suppose -3*x + 5*g + 168 = 0, 3*x + 6*g - 168 = 8*g. What is the greatest common divisor of 8 and x?
8
Let h = 193 + 538. What is the highest common factor of 43 and h?
43
Let d be 6/(-4)*(-20)/5. Let y be 0 + d*4 + 0. Let s be (-29)/(-9) - (-4)/(-18). Calculate the highest common factor of s and y.
3
Let x be (-4*(-4)/(-12))/(8/(-876)). Calculate the highest common divisor of 219 and x.
73
Suppose 7*c - 2092 = -2*h + 9*c, -5*c + 5270 = 5*h. Calculate the greatest common factor of h and 42.
42
Let d(s) = s**3 + 7*s**2 - 20*s - 7. Let p be d(-9). Suppose p*l = l + 140. Calculate the highest common divisor of 98 and l.
14
Let o be (-12*(-1)/8)/(1/2). Suppose o*u + 17 = 4*m, 4*u = 2*u - 4*m + 22. Calculate the greatest common divisor of 10 and u.
1
Suppose 5*t - 3*t = 16. Suppose 0 = 3*u + 3*s - 93, 0 = 4*u - t*s + 4*s - 116. What is the greatest common divisor of 45 and u?
15
Suppose 4*q - 38 = -5*v - 7, -q - v + 8 = 0. Let r(x) = 53*x + 1. Let a be r(1). Calculate the greatest common divisor of a and q.
9
Let d be (16/(-20))/(2/25). Let b(u) = -38*u - 15. Let a be b(d). Suppose 4*s - a = 31. Calculate the greatest common divisor of s and 9.
9
Let u(g) = g**2 + 2*g - 7. Let z be u(-9). What is the greatest common factor of z and 24?
8
Let y = -78 - -76. Let m be -1 + 7 + y - 84/(-2). Suppose -c = 3*p - 38, -2*p + 8 - 113 = -5*c. What is the greatest common divisor of m and c?
23
Suppose -114 = -5*v + 2*i, -36 + 114 = 3*v + 2*i. Suppose -5*z + 4*x = -4, -40 = 8*z - 13*z - 5*x. Calculate the greatest common factor of z and v.
4
Let w be (93/(-12))/((-52)/1456). Calculate the highest common factor of 35 and w.
7
Suppose -33*t = -35*t - 12. Let z be (-334)/t - (-21)/63. What is the highest common divisor of z and 14?
14
Suppose 4 = -2*l, -n - 3*l = -1 - 1. Calculate the greatest common divisor of 552 and n.
8
Let v = 1 + 2. Suppose v*k - 4 = 3*n - 1, k = 3*n + 3. Suppose k = -2*z - 5*r + 34, z + 2*r - 36 = -3*z. Calculate the greatest common factor of 21 and z.
7
Suppose 3*u = -2*j + 124 - 30, -4*j = 2*u - 68. Suppose 0 = -10*t + 5*t - u. Let x be (t + 1 + -3)/(-2). Calculate the greatest common factor of x and 20.
4
Let a(y) = -y**2 - 22*y - 68. Let k be a(-4). What is the greatest common divisor of 6 and k?
2
Let i be ((-194)/5)/(-4 + (-36)/(-10)). Calculate the highest common factor of 291 and i.
97
Suppose 3*b - 8 = 4. Suppose 6 = -j + 4*u, -31*j + u = -29*j - 2. What is the greatest common factor of b and j?
2
Suppose 2*x + x + 42 = -5*a, -2*x = -4*a + 6. Let k(q) = -q**2 - 10*q. Let w be k(x). Let l = -6 + w. What is the greatest common divisor of 9 and l?
3
Let b be (-95)/(-15) + (-2)/6. Suppose 8*r - 63 = r. Let v be 4/(-12) + 39/r. Calculate the highest common divisor of v and b.
2
Let p be 36/78 - 2685/(-13). What is the greatest common factor of 46 and p?
23
Let h(o) = -o**2 + 17*o + 59. Let w be h(18). Calculate the highest common divisor of 2 and w.
1
Suppose -5*g - 4*q + 561 + 1714 = 0, -q + 2290 = 5*g. Calculate the highest common factor of g and 108.
27
Let m = 443 + 37. Suppose -3*l + 0*l = -m. What is the highest common divisor of 32 and l?
32
Let n(f) = -f + 18. Let c be n(5). Suppose 0 = 4*d + 3*g - 8, -3*d - 2*d + 4*g = 21. Let k be d + -1 + 6 + 9. What is the greatest common factor of k and c?
13
Suppose -3*n + 2*v - 4*v = -147, 4*v = -2*n + 90. What is the highest common factor of 51 and n?
51
Suppose -35*r + 4 = -34*r. Let f be (-8)/64*-92 + 2/r. Calculate the greatest common divisor of 12 and f.
12
Let t = -7 - -12. Let k = 437 - 262. Suppose 55 = a - f, -4*a - f + k = 4*f. What is the greatest common factor of t and a?
5
Suppose -18 = -5*r + 12. Suppose -745 = -r*s + 389. Calculate the greatest common divisor of s and 21.
21
Let r(s) = -207*s - 367. Let g be r(-6). What is the greatest common divisor of 7 and g?
7
Let f = 35 + -23. Suppose f - 82 = -2*r. What is the highest common factor of r and 35?
35
Suppose 6*n + 38 - 110 = 0. What is the highest common divisor of 132 and n?
12
Let p = 28 + -18. Let y = 25 + p. Let w = 81 - y. What is the highest common divisor of 115 and w?
23
Suppose 9 = -q + 4*w - 28, -w + 56 = -3*q. Let u(p) = -4*p + 9. Let a be u(q). What is the greatest common factor of a and 11?
11
Let i(q) = 4*q**3 + 2*q + 1. Let m be i(-1). Let f(g) = g**3 + 5*g**2 + 3. Let h be f(m). What is the highest common divisor of 12 and h?
3
Let h = 49 - -11. Calculate the greatest common factor of h and 48.
12
Suppose -2*o + 5*a - 23 = 0, 5*o + 43 = -0*o - 2*a. Let z be (-3)/o - (3 + (-86)/3). Let q be 2/4*-13*-10. What is the greatest common factor of z and q?
13
Suppose 0 = 4*b + 107 + 9. Let y = b - -33. Suppose -3*c + y*g + 160 = 0, -c + 3*g - g = -50. Calculate the highest common factor of c and 24.
12
Suppose 159*h = 148*h + 1089. What is the greatest common factor of h and 2772?
99
Let p be 14/4 + (-2)/4. Suppose 0 = -5*j - 2*z + 113, -4*j - 4*z + 121 = j. Let u be (j/(-9) + 3)*p. What is the highest common factor of u and 6?
2
Suppose -3*c = u - 2647, -c = 3*u - 322 - 563. Calculate the greatest common divisor of c and 18.
18
Let m(c) = 9*c. Let h be m(4). Let x(w) = w - 18. Let t be x(22). Calculate the highest common divisor of t and h.
4
Suppose 4*w = -5*c + 1142, -2*w + 6*w + 2*c - 1148 = 0. Suppose -15*n - 25*n + 1440 = 0. Calculate the highest common factor of n and w.
36
Suppose -4*g = 4, y + 643 = 2*y - 5*g. What is the highest common divisor of 58 and y?
58
Let k = 475 + -231. Calculate the highest common factor of 8 and k.
4
Suppose 0 = 4*i - 3*i + 4*s - 45, i - 5*s - 54 = 0. Suppose 2*t - i = -3*z, 8*z - 4*t = 3*z + 67. What is the greatest common factor of 5 and z?
5
Suppose 3*v = 3*t - 2*v - 7, 0 = 4*t + 5*v - 56. Let l = -7289 - -7352. What is the greatest common factor of t and l?
9
Suppose 0 = -0*u + 3*u - 9. Suppose x - c - 1 = 0, u*x + 0*c - 5 = 5*c. Suppose -j = 3, 3*g + 4*j + 4 - 1 = x. Calculate the greatest common divisor of g and 2.
1
Let l be 134*(-4 + 18/4). Suppose 0 = 4*w - 5*g - 135, w - 3*g = -w + l. What is the greatest common factor of 14 and w?
7
Let x be 4*39*(-5)/(-3). What is the greatest common divisor of 416 and x?
52
Let s be 1310/40 + 63/(-36). Let y = -23 - -302. What is the greatest common divisor of y and s?
31
Let h(t) = 3*t + 21. Let i be (-65)/(-26)*14/5. Let z be h(i). Suppose 5*l - 52 = 18. What is the greatest common factor of z and l?
14
Let s = 2951 + -2931. Let i = -10 - -40. Calculate the highest common factor of s and i.
10
Suppose -6*z + 40 + 26 = 0. Suppose 0 = -z*f + 6*f + 195. Suppose -2*q = 3*q - 130. Calculate the greatest common divisor of q and f.
13
Let y be 616/105 - 6/(-45). Suppose -y*l + 57 = -81. Calculate the highest common factor of 184 and l.
23
Let p = 340 + -336. Calculate the greatest common factor of p and 32.
4
Let o be (-2)/(-3) - (-152)/(-12). Suppose 3*x - 50 = x + 4*m, 0 = -5*x + 2*m + 85. Let j = o + x. Calculate the greatest common divisor of j and 33.
3
Let r = 306 - 304. Let k(v) = v**2 + 7*v + 10. Let q be k(-7). What is the highest common factor of r and q?
2
Suppose -y - 2 = u - 94, -4*u + 4*y + 352 = 0. Let n = 191 - 161. What is the greatest common factor of n and u?
30
Suppose -2*l - 4110 = -4*d, 2*l - 1275 = -3*d + 1797. Calculate the greatest common divisor of d and 38.
38
Let l = -3 + 20. Suppose -7*o + 191 + 166 = 0. Calculate the highest common factor of o and l.
17
Let a(m) = 11*m. Let s be a(1). Let z(d) = 17*d**2 + 8*d - 12. Let k be z(3). Calculate the greatest common divisor of k and s.
11
Let t be ((-182)/(-42))/(2*(-1)/6). Let m = 50 - t. What is the highest common divisor of m and 42?
21
Suppose 0 = -2*z + 4*z. Let h be (12 - z)*(-2)/(-2). What is the highe